{"id":85,"date":"2023-05-01T21:23:07","date_gmt":"2023-05-01T21:23:07","guid":{"rendered":"https:\/\/apprendreaprier.net\/test\/edo\/?page_id=85"},"modified":"2023-05-06T20:36:27","modified_gmt":"2023-05-06T20:36:27","slug":"lassociation-des-ecoles-doraison","status":"publish","type":"page","link":"https:\/\/apprendreaprier.net\/test\/edo\/lassociation-des-ecoles-doraison\/","title":{"rendered":"L&rsquo;Association des \u00c9coles d&rsquo;Oraison"},"content":{"rendered":"\n<p>L&rsquo;Association des \u00c9coles d&rsquo;Oraison cherche \u00e0 diffuser l&rsquo;oraison.<br>Pour cela, nous soutenons les diff\u00e9rentes \u00e9coles d&rsquo;oraison qui existent. Afin de pouvoir partager les bonnes id\u00e9es et de donner plus de visibilit\u00e9, beaucoup de ces \u00e9coles se sont r\u00e9unies en une association.<\/p>\n\n\n\n<div class=\"wp-block-group has-global-padding is-layout-constrained wp-block-group-is-layout-constrained\">\n<div class=\"wp-block-query is-layout-flow wp-block-query-is-layout-flow\"><ul class=\"is-flex-container columns-3 wp-block-post-template has-background has-section-bg-background-color is-layout-flow wp-block-post-template-is-layout-flow\"><li class=\"wp-block-post post-49 post type-post status-publish format-standard hentry category-actualites category-association\">\n<h2 style=\"font-size:20px; padding-top:0;padding-right:0;padding-bottom:0;padding-left:0;\" class=\"has-text-align-center has-link-color wp-elements-79c312370611783ab16b2c8c818d67ce wp-block-post-title has-background has-base-background-color\"><a href=\"https:\/\/apprendreaprier.net\/test\/edo\/actualites\/\" target=\"_self\" >Actualit\u00e9s<\/a><\/h2>\n\n<div class=\"has-link-color wp-elements-064935805033bebdd1304f3fa75669df wp-block-post-excerpt has-background has-section-bg-background-color\"><p class=\"wp-block-post-excerpt__excerpt\">INFO F\u00e9vrier 2023 Parution de l&rsquo;ouvrage de Christine PACHE : \u00ab\u00a0Dieu supplie&#8230; La br\u00fblure de la mis\u00e9ricorde divine\u00a0\u00bb Pr\u00e9sentation et comment se le procurer : voir ici &nbsp;Bienvenue sur notre site ! Vous y trouverez de nombreuses \u00e9coles d&rsquo;oraison, par r\u00e9gion, ainsi que les contacts de leurs responsables: les d\u00e9couvrir ici.&nbsp;&nbsp; Pour renforcer&nbsp;notre union de<\/p><p class=\"wp-block-post-excerpt__more-text\"><a class=\"wp-block-post-excerpt__more-link\" href=\"https:\/\/apprendreaprier.net\/test\/edo\/actualites\/\">Lire la suite&#8230;<\/a><\/p><\/div>\n<\/li><li class=\"wp-block-post post-97 post type-post status-publish format-standard hentry category-association\">\n<h2 style=\"font-size:20px; padding-top:0;padding-right:0;padding-bottom:0;padding-left:0;\" class=\"has-text-align-center has-link-color wp-elements-79c312370611783ab16b2c8c818d67ce wp-block-post-title has-background has-base-background-color\"><a href=\"https:\/\/apprendreaprier.net\/test\/edo\/historique\/\" target=\"_self\" >Historique<\/a><\/h2>\n\n<div class=\"has-link-color wp-elements-064935805033bebdd1304f3fa75669df wp-block-post-excerpt has-background has-section-bg-background-color\"><p class=\"wp-block-post-excerpt__excerpt\">par le P\u00e8re Yves Jausions I.&nbsp;LE PERE HENRI CAFFAREL&nbsp;ET LE MOUVEMENT DES FOYERS Le P\u00e8re Henri CAFFAREL, n\u00e9 \u00e0 LYON le 30\/07\/1903, nous a laiss\u00e9 le souvenir d\u2019un pionnier. Il a innov\u00e9 surtout comme proph\u00e8te du mariage chr\u00e9tien, et ensuite en ouvrant aux la\u00efcs le tr\u00e9sor de l\u2019oraison. Nous d\u00e9couvrons un homme rempli d\u2019initiatives. Il<\/p><p class=\"wp-block-post-excerpt__more-text\"><a class=\"wp-block-post-excerpt__more-link\" href=\"https:\/\/apprendreaprier.net\/test\/edo\/historique\/\">Lire la suite&#8230;<\/a><\/p><\/div>\n<\/li><li class=\"wp-block-post post-95 post type-post status-publish format-standard hentry category-association\">\n<h2 style=\"font-size:20px; padding-top:0;padding-right:0;padding-bottom:0;padding-left:0;\" class=\"has-text-align-center has-link-color wp-elements-79c312370611783ab16b2c8c818d67ce wp-block-post-title has-background has-base-background-color\"><a href=\"https:\/\/apprendreaprier.net\/test\/edo\/lesprit-des-ecoles\/\" target=\"_self\" >L&rsquo;esprit des \u00e9coles<\/a><\/h2>\n\n<div class=\"has-link-color wp-elements-064935805033bebdd1304f3fa75669df wp-block-post-excerpt has-background has-section-bg-background-color\"><p class=\"wp-block-post-excerpt__excerpt\">Charte des Ecoles d&rsquo;oraison 1. La vocation des Ecoles d\u2019oraison L\u2019oraison chr\u00e9tienne est une forme de pri\u00e8re int\u00e9rieure et silencieuse, prolong\u00e9e et r\u00e9guli\u00e8re, un c\u0153ur \u00e0 c\u0153ur avec Dieu. Elle consiste \u00e0 donner \u00e0 Dieu chaque jour un temps o\u00f9 l&rsquo;on se rend disponible \u00e0 sa Parole et \u00e0 son action dans le but d&rsquo;\u00eatre<\/p><p class=\"wp-block-post-excerpt__more-text\"><a class=\"wp-block-post-excerpt__more-link\" href=\"https:\/\/apprendreaprier.net\/test\/edo\/lesprit-des-ecoles\/\">Lire la suite&#8230;<\/a><\/p><\/div>\n<\/li><li class=\"wp-block-post post-83 post type-post status-publish format-standard hentry category-association\">\n<h2 style=\"font-size:20px; padding-top:0;padding-right:0;padding-bottom:0;padding-left:0;\" class=\"has-text-align-center has-link-color wp-elements-79c312370611783ab16b2c8c818d67ce wp-block-post-title has-background has-base-background-color\"><a href=\"https:\/\/apprendreaprier.net\/test\/edo\/pour-lancer-une-ecole-doraison\/\" target=\"_self\" >Pour lancer une \u00e9cole d&rsquo;oraison<\/a><\/h2>\n\n<div class=\"has-link-color wp-elements-064935805033bebdd1304f3fa75669df wp-block-post-excerpt has-background has-section-bg-background-color\"><p class=\"wp-block-post-excerpt__excerpt\">&#8211; Vous \u00eates animateur ou formateur dans une Ecole d&rsquo;oraison, PARTAGEZ-NOUS VOS INFOS via notre site ! &#8211; Vous n&rsquo;\u00eates pas formateur mais vous voulez ORGANISER UNE SESSION PONCTUELLE DANS VOTRE LOCALITE ? Vous \u00e9prouvez ce d\u00e9sir? Prenez d&rsquo;abord du temps pour discerner et pr\u00e9senter au Seigneur votre projet dans la pri\u00e8re&nbsp;! Contactez si possible<\/p><p class=\"wp-block-post-excerpt__more-text\"><a class=\"wp-block-post-excerpt__more-link\" href=\"https:\/\/apprendreaprier.net\/test\/edo\/pour-lancer-une-ecole-doraison\/\">Lire la suite&#8230;<\/a><\/p><\/div>\n<\/li><li class=\"wp-block-post post-99 post type-post status-publish format-standard hentry category-association\">\n<h2 style=\"font-size:20px; padding-top:0;padding-right:0;padding-bottom:0;padding-left:0;\" class=\"has-text-align-center has-link-color wp-elements-79c312370611783ab16b2c8c818d67ce wp-block-post-title has-background has-base-background-color\"><a href=\"https:\/\/apprendreaprier.net\/test\/edo\/priere-des-ecoles-doraison-a-marie\/\" target=\"_self\" >Pri\u00e8re des \u00e9coles d&rsquo;oraison \u00e0 Marie<\/a><\/h2>\n\n<div class=\"has-link-color wp-elements-064935805033bebdd1304f3fa75669df wp-block-post-excerpt has-background has-section-bg-background-color\"><p class=\"wp-block-post-excerpt__excerpt\">Bienheureuse Vierge Marie, Nous te b\u00e9nissons pour&nbsp;ta supplication humble&nbsp;et toute-puissante.Nous te consacrons&nbsp;les \u00ab\u00c9coles d&rsquo;Oraison\u00bb.Et nous t&rsquo;accueillons dans l&rsquo;oratoire de notre c\u0153ur comme m\u00e8re&nbsp;et ma\u00eetresse de vie spirituelle.Apprends-nous \u00e0 y \u00e9couter&nbsp;et m\u00e9diter la Parole de Dieu,\u00c0&nbsp;la vivre et \u00e0 nous mettre&nbsp;\u00e0 son service.&nbsp;Aide-nous \u00e0 exulter et \u00e0 rendre gr\u00e2ce en toute circonstance&nbsp;pour le saint Nom de<\/p><p class=\"wp-block-post-excerpt__more-text\"><a class=\"wp-block-post-excerpt__more-link\" href=\"https:\/\/apprendreaprier.net\/test\/edo\/priere-des-ecoles-doraison-a-marie\/\">Lire la suite&#8230;<\/a><\/p><\/div>\n<\/li><li class=\"wp-block-post post-93 post type-post status-publish format-standard hentry category-association\">\n<h2 style=\"font-size:20px; padding-top:0;padding-right:0;padding-bottom:0;padding-left:0;\" class=\"has-text-align-center has-link-color wp-elements-79c312370611783ab16b2c8c818d67ce wp-block-post-title has-background has-base-background-color\"><a href=\"https:\/\/apprendreaprier.net\/test\/edo\/qui-sommes-nous\/\" target=\"_self\" >Qui sommes-nous ?<\/a><\/h2>\n\n<div class=\"has-link-color wp-elements-064935805033bebdd1304f3fa75669df wp-block-post-excerpt has-background has-section-bg-background-color\"><p class=\"wp-block-post-excerpt__excerpt\">Pendant plusieurs ann\u00e9es, les Ecoles d&rsquo;oraison ne constituaient pas une association \u00ab&nbsp;institu\u00e9e&nbsp;\u00bb (ni civilement ni religieusement), mais seulement une&nbsp;\u00ab&nbsp;association de fait&nbsp;\u00bb, regroupant des Ecoles plut\u00f4t interd\u00e9pendantes historiquement, d\u00e9sireuses d&rsquo;un soutien mutuel dans l&rsquo;apostolat de la pri\u00e8re par&nbsp;\u00ab&nbsp;l&rsquo;enseignement&nbsp;\u00bb&nbsp;de l&rsquo;oraison (voir l&rsquo;historique).&nbsp;Cependant, pour mieux partager notre projet, nous avons \u00e9prouv\u00e9 de plus en plus le besoin d&rsquo;une<\/p><p class=\"wp-block-post-excerpt__more-text\"><a class=\"wp-block-post-excerpt__more-link\" href=\"https:\/\/apprendreaprier.net\/test\/edo\/qui-sommes-nous\/\">Lire la suite&#8230;<\/a><\/p><\/div>\n<\/li><\/ul>\n\n\n\n<\/div>\n<\/div>\n\n\n\n<p>N&rsquo;h\u00e9sitez pas \u00e0 <a href=\"https:\/\/www.ecole-oraison.org\/index.php\/site2019-contact\">nous contacter<\/a> pour tout renseignement sur une \u00e9cole ou si vous voulez vous-m\u00eame monter une \u00e9cole : <strong><a href=\"mailto:ecolesdoraison@gmail.com\">ecolesdoraison@gmail.com<\/a><\/strong><\/p>\n","protected":false},"excerpt":{"rendered":"<p>L&rsquo;Association des \u00c9coles d&rsquo;Oraison cherche \u00e0 diffuser l&rsquo;oraison.Pour cela, nous soutenons les diff\u00e9rentes \u00e9coles d&rsquo;oraison qui existent. Afin de pouvoir partager les bonnes id\u00e9es et de donner plus de visibilit\u00e9, beaucoup de ces \u00e9coles se sont r\u00e9unies en une association. N&rsquo;h\u00e9sitez pas \u00e0 nous contacter pour tout renseignement sur une \u00e9cole ou si vous voulez [&hellip;]<\/p>\n","protected":false},"author":2,"featured_media":0,"parent":0,"menu_order":0,"comment_status":"closed","ping_status":"closed","template":"","meta":{"_gspb_post_css":"","footnotes":""},"class_list":["post-85","page","type-page","status-publish","hentry"],"_links":{"self":[{"href":"https:\/\/apprendreaprier.net\/test\/edo\/wp-json\/wp\/v2\/pages\/85","targetHints":{"allow":["GET"]}}],"collection":[{"href":"https:\/\/apprendreaprier.net\/test\/edo\/wp-json\/wp\/v2\/pages"}],"about":[{"href":"https:\/\/apprendreaprier.net\/test\/edo\/wp-json\/wp\/v2\/types\/page"}],"author":[{"embeddable":true,"href":"https:\/\/apprendreaprier.net\/test\/edo\/wp-json\/wp\/v2\/users\/2"}],"replies":[{"embeddable":true,"href":"https:\/\/apprendreaprier.net\/test\/edo\/wp-json\/wp\/v2\/comments?post=85"}],"version-history":[{"count":7,"href":"https:\/\/apprendreaprier.net\/test\/edo\/wp-json\/wp\/v2\/pages\/85\/revisions"}],"predecessor-version":[{"id":276,"href":"https:\/\/apprendreaprier.net\/test\/edo\/wp-json\/wp\/v2\/pages\/85\/revisions\/276"}],"wp:attachment":[{"href":"https:\/\/apprendreaprier.net\/test\/edo\/wp-json\/wp\/v2\/media?parent=85"}],"curies":[{"name":"wp","href":"https:\/\/api.w.org\/{rel}","templated":true}]}}